{"id":1132,"date":"2020-05-19T16:56:06","date_gmt":"2020-05-19T14:56:06","guid":{"rendered":"https:\/\/www.futurapilates.it\/?page_id=1132"},"modified":"2020-07-25T14:31:06","modified_gmt":"2020-07-25T12:31:06","slug":"svolgimento-delle-lezioni","status":"publish","type":"page","link":"https:\/\/www.futurapilates.it\/index.php\/svolgimento-delle-lezioni\/","title":{"rendered":"Svolgimento delle lezioni"},"content":{"rendered":"\t\t<div data-elementor-type=\"wp-page\" data-elementor-id=\"1132\" class=\"elementor elementor-1132\">\n\t\t\t\t\t\t<section class=\"elementor-section elementor-top-section elementor-element elementor-element-cb37965 elementor-section-stretched elementor-section-full_width elementor-section-height-default elementor-section-height-default\" data-id=\"cb37965\" data-element_type=\"section\" data-e-type=\"section\" data-settings=\"{&quot;stretch_section&quot;:&quot;section-stretched&quot;}\">\n\t\t\t\t\t\t<div class=\"elementor-container elementor-column-gap-default\">\n\t\t\t\t\t<div class=\"elementor-column elementor-col-100 elementor-top-column elementor-element elementor-element-dce267c\" data-id=\"dce267c\" data-element_type=\"column\" data-e-type=\"column\">\n\t\t\t<div class=\"elementor-widget-wrap elementor-element-populated\">\n\t\t\t\t\t\t<div class=\"elementor-element elementor-element-d8d7859 elementor-widget elementor-widget-heading\" data-id=\"d8d7859\" data-element_type=\"widget\" data-e-type=\"widget\" data-widget_type=\"heading.default\">\n\t\t\t\t<div class=\"elementor-widget-container\">\n\t\t\t\t\t<h2 class=\"elementor-heading-title elementor-size-default\">Svolgimento delle lezioni<\/h2>\t\t\t\t<\/div>\n\t\t\t\t<\/div>\n\t\t\t\t<div class=\"elementor-element elementor-element-4763577 elementor-widget elementor-widget-heading\" data-id=\"4763577\" data-element_type=\"widget\" data-e-type=\"widget\" data-widget_type=\"heading.default\">\n\t\t\t\t<div class=\"elementor-widget-container\">\n\t\t\t\t\t<h2 class=\"elementor-heading-title elementor-size-default\">Misure di contenimento COVID-19<\/h2>\t\t\t\t<\/div>\n\t\t\t\t<\/div>\n\t\t\t\t\t<\/div>\n\t\t<\/div>\n\t\t\t\t\t<\/div>\n\t\t<\/section>\n\t\t\t\t<section class=\"elementor-section elementor-top-section elementor-element elementor-element-b195e51 elementor-section-stretched elementor-section-full_width elementor-section-height-default elementor-section-height-default\" data-id=\"b195e51\" data-element_type=\"section\" data-e-type=\"section\" data-settings=\"{&quot;stretch_section&quot;:&quot;section-stretched&quot;}\">\n\t\t\t\t\t\t<div class=\"elementor-container elementor-column-gap-default\">\n\t\t\t\t\t<div class=\"elementor-column elementor-col-50 elementor-top-column elementor-element elementor-element-9dfa2a7\" data-id=\"9dfa2a7\" data-element_type=\"column\" data-e-type=\"column\">\n\t\t\t<div class=\"elementor-widget-wrap elementor-element-populated\">\n\t\t\t\t\t\t<div class=\"elementor-element elementor-element-30cb2fb elementor-widget elementor-widget-image\" data-id=\"30cb2fb\" data-element_type=\"widget\" data-e-type=\"widget\" data-widget_type=\"image.default\">\n\t\t\t\t<div class=\"elementor-widget-container\">\n\t\t\t\t\t\t\t\t\t\t\t\t\t\t\t<img fetchpriority=\"high\" decoding=\"async\" width=\"768\" height=\"768\" src=\"https:\/\/www.futurapilates.it\/wp-content\/uploads\/2020\/06\/Progetto-senza-titolo-1-768x768.png\" class=\"attachment-medium_large size-medium_large wp-image-1170\" alt=\"\" srcset=\"https:\/\/www.futurapilates.it\/wp-content\/uploads\/2020\/06\/Progetto-senza-titolo-1-768x768.png 768w, https:\/\/www.futurapilates.it\/wp-content\/uploads\/2020\/06\/Progetto-senza-titolo-1-300x300.png 300w, https:\/\/www.futurapilates.it\/wp-content\/uploads\/2020\/06\/Progetto-senza-titolo-1-1024x1024.png 1024w, https:\/\/www.futurapilates.it\/wp-content\/uploads\/2020\/06\/Progetto-senza-titolo-1-150x150.png 150w, https:\/\/www.futurapilates.it\/wp-content\/uploads\/2020\/06\/Progetto-senza-titolo-1-600x600.png 600w, https:\/\/www.futurapilates.it\/wp-content\/uploads\/2020\/06\/Progetto-senza-titolo-1-100x100.png 100w, https:\/\/www.futurapilates.it\/wp-content\/uploads\/2020\/06\/Progetto-senza-titolo-1.png 1080w\" sizes=\"(max-width: 768px) 100vw, 768px\" \/>\t\t\t\t\t\t\t\t\t\t\t\t\t\t\t<\/div>\n\t\t\t\t<\/div>\n\t\t\t\t<div class=\"elementor-element elementor-element-b22f339 elementor-widget elementor-widget-heading\" data-id=\"b22f339\" data-element_type=\"widget\" data-e-type=\"widget\" data-widget_type=\"heading.default\">\n\t\t\t\t<div class=\"elementor-widget-container\">\n\t\t\t\t\t<h2 class=\"elementor-heading-title elementor-size-default\">Lezioni a corpo libero<\/h2>\t\t\t\t<\/div>\n\t\t\t\t<\/div>\n\t\t\t\t\t<\/div>\n\t\t<\/div>\n\t\t\t\t<div class=\"elementor-column elementor-col-50 elementor-top-column elementor-element elementor-element-71a0deb\" data-id=\"71a0deb\" data-element_type=\"column\" data-e-type=\"column\">\n\t\t\t<div class=\"elementor-widget-wrap elementor-element-populated\">\n\t\t\t\t\t\t<div class=\"elementor-element elementor-element-4f2e701 elementor-widget elementor-widget-image\" data-id=\"4f2e701\" data-element_type=\"widget\" data-e-type=\"widget\" data-widget_type=\"image.default\">\n\t\t\t\t<div class=\"elementor-widget-container\">\n\t\t\t\t\t\t\t\t\t\t\t\t\t\t\t<img decoding=\"async\" width=\"768\" height=\"768\" src=\"https:\/\/www.futurapilates.it\/wp-content\/uploads\/2020\/05\/Progetto-senza-titolo-16-768x768.png\" class=\"attachment-medium_large size-medium_large wp-image-1135\" alt=\"\" srcset=\"https:\/\/www.futurapilates.it\/wp-content\/uploads\/2020\/05\/Progetto-senza-titolo-16-768x768.png 768w, https:\/\/www.futurapilates.it\/wp-content\/uploads\/2020\/05\/Progetto-senza-titolo-16-300x300.png 300w, https:\/\/www.futurapilates.it\/wp-content\/uploads\/2020\/05\/Progetto-senza-titolo-16-1024x1024.png 1024w, https:\/\/www.futurapilates.it\/wp-content\/uploads\/2020\/05\/Progetto-senza-titolo-16-150x150.png 150w, https:\/\/www.futurapilates.it\/wp-content\/uploads\/2020\/05\/Progetto-senza-titolo-16-600x600.png 600w, https:\/\/www.futurapilates.it\/wp-content\/uploads\/2020\/05\/Progetto-senza-titolo-16-100x100.png 100w, https:\/\/www.futurapilates.it\/wp-content\/uploads\/2020\/05\/Progetto-senza-titolo-16.png 1080w\" sizes=\"(max-width: 768px) 100vw, 768px\" \/>\t\t\t\t\t\t\t\t\t\t\t\t\t\t\t<\/div>\n\t\t\t\t<\/div>\n\t\t\t\t<div class=\"elementor-element elementor-element-60b2fa3 elementor-widget elementor-widget-heading\" data-id=\"60b2fa3\" data-element_type=\"widget\" data-e-type=\"widget\" data-widget_type=\"heading.default\">\n\t\t\t\t<div class=\"elementor-widget-container\">\n\t\t\t\t\t<h2 class=\"elementor-heading-title elementor-size-default\">Lezioni di Macchine<\/h2>\t\t\t\t<\/div>\n\t\t\t\t<\/div>\n\t\t\t\t\t<\/div>\n\t\t<\/div>\n\t\t\t\t\t<\/div>\n\t\t<\/section>\n\t\t\t\t<section class=\"elementor-section elementor-top-section elementor-element elementor-element-0b5e0ce elementor-section-stretched elementor-section-full_width elementor-section-height-default elementor-section-height-default\" data-id=\"0b5e0ce\" data-element_type=\"section\" data-e-type=\"section\" data-settings=\"{&quot;stretch_section&quot;:&quot;section-stretched&quot;}\">\n\t\t\t\t\t\t<div class=\"elementor-container elementor-column-gap-default\">\n\t\t\t\t\t<div class=\"elementor-column elementor-col-100 elementor-top-column elementor-element elementor-element-519768b\" data-id=\"519768b\" data-element_type=\"column\" data-e-type=\"column\">\n\t\t\t<div class=\"elementor-widget-wrap elementor-element-populated\">\n\t\t\t\t\t\t<div class=\"elementor-element elementor-element-6b2f5f8 elementor-widget elementor-widget-heading\" data-id=\"6b2f5f8\" data-element_type=\"widget\" data-e-type=\"widget\" data-widget_type=\"heading.default\">\n\t\t\t\t<div class=\"elementor-widget-container\">\n\t\t\t\t\t<h2 class=\"elementor-heading-title elementor-size-default\">Tutte le lezioni di gruppo avranno una durata di 50 min per avere il tempo di igienizzare gli attrezzi dopo ogni utilizzo ed evitare affollamento soprattutto nei luoghi comuni durante i cambi d'ora.<\/h2>\t\t\t\t<\/div>\n\t\t\t\t<\/div>\n\t\t\t\t<div class=\"elementor-element elementor-element-e572d27 elementor-widget elementor-widget-heading\" data-id=\"e572d27\" data-element_type=\"widget\" data-e-type=\"widget\" data-widget_type=\"heading.default\">\n\t\t\t\t<div class=\"elementor-widget-container\">\n\t\t\t\t\t<h2 class=\"elementor-heading-title elementor-size-default\">Se possibile arrivare gi\u00e0 cambiati.<\/h2>\t\t\t\t<\/div>\n\t\t\t\t<\/div>\n\t\t\t\t<div class=\"elementor-element elementor-element-4b91bbc elementor-widget elementor-widget-heading\" data-id=\"4b91bbc\" data-element_type=\"widget\" data-e-type=\"widget\" data-widget_type=\"heading.default\">\n\t\t\t\t<div class=\"elementor-widget-container\">\n\t\t\t\t\t<h2 class=\"elementor-heading-title elementor-size-default\">Sar\u00e0 obbligatorio accedere agli spogliatoi 1-2 alla volta e non sar\u00e0 possibile utilizzare gli armadietti e la doccia. Ognuno dovr\u00e0 pertanto riporre la roba nel proprio zaino che potr\u00e0 portare con s\u00e8 in sala.<\/h2>\t\t\t\t<\/div>\n\t\t\t\t<\/div>\n\t\t\t\t\t<\/div>\n\t\t<\/div>\n\t\t\t\t\t<\/div>\n\t\t<\/section>\n\t\t\t\t<section class=\"elementor-section elementor-top-section elementor-element elementor-element-fd15449 elementor-section-stretched elementor-section-full_width elementor-section-height-default elementor-section-height-default\" data-id=\"fd15449\" data-element_type=\"section\" data-e-type=\"section\" data-settings=\"{&quot;stretch_section&quot;:&quot;section-stretched&quot;}\">\n\t\t\t\t\t\t<div class=\"elementor-container elementor-column-gap-default\">\n\t\t\t\t\t<div class=\"elementor-column elementor-col-100 elementor-top-column elementor-element elementor-element-5abb1bd\" data-id=\"5abb1bd\" data-element_type=\"column\" data-e-type=\"column\">\n\t\t\t<div class=\"elementor-widget-wrap elementor-element-populated\">\n\t\t\t\t\t\t<div class=\"elementor-element elementor-element-f253aea elementor-widget elementor-widget-heading\" data-id=\"f253aea\" data-element_type=\"widget\" data-e-type=\"widget\" data-widget_type=\"heading.default\">\n\t\t\t\t<div class=\"elementor-widget-container\">\n\t\t\t\t\t<h2 class=\"elementor-heading-title elementor-size-default\">Vuoi partecipare alle nostre lezioni?<\/h2>\t\t\t\t<\/div>\n\t\t\t\t<\/div>\n\t\t\t\t<div class=\"elementor-element elementor-element-9532452 elementor-align-center elementor-widget elementor-widget-button\" data-id=\"9532452\" data-element_type=\"widget\" data-e-type=\"widget\" data-widget_type=\"button.default\">\n\t\t\t\t<div class=\"elementor-widget-container\">\n\t\t\t\t\t\t\t\t\t<div class=\"elementor-button-wrapper\">\n\t\t\t\t\t<a class=\"elementor-button elementor-button-link elementor-size-xl\" href=\"https:\/\/www.futurapilates.it\/index.php\/contatti\/\">\n\t\t\t\t\t\t<span class=\"elementor-button-content-wrapper\">\n\t\t\t\t\t\t\t\t\t<span class=\"elementor-button-text\">CONTATTACI<\/span>\n\t\t\t\t\t<\/span>\n\t\t\t\t\t<\/a>\n\t\t\t\t<\/div>\n\t\t\t\t\t\t\t\t<\/div>\n\t\t\t\t<\/div>\n\t\t\t\t\t<\/div>\n\t\t<\/div>\n\t\t\t\t\t<\/div>\n\t\t<\/section>\n\t\t\t\t<section class=\"elementor-section elementor-top-section elementor-element elementor-element-b885df4 elementor-section-stretched elementor-section-full_width elementor-section-height-default elementor-section-height-default\" data-id=\"b885df4\" data-element_type=\"section\" data-e-type=\"section\" data-settings=\"{&quot;stretch_section&quot;:&quot;section-stretched&quot;}\">\n\t\t\t\t\t\t<div class=\"elementor-container elementor-column-gap-default\">\n\t\t\t\t\t<div class=\"elementor-column elementor-col-100 elementor-top-column elementor-element elementor-element-8055d47\" data-id=\"8055d47\" data-element_type=\"column\" data-e-type=\"column\">\n\t\t\t<div class=\"elementor-widget-wrap elementor-element-populated\">\n\t\t\t\t\t\t<div class=\"elementor-element elementor-element-0675c79 elementor-widget elementor-widget-heading\" data-id=\"0675c79\" data-element_type=\"widget\" data-e-type=\"widget\" data-widget_type=\"heading.default\">\n\t\t\t\t<div class=\"elementor-widget-container\">\n\t\t\t\t\t<h2 class=\"elementor-heading-title elementor-size-default\">Grazie a tutti per la collaborazione!<\/h2>\t\t\t\t<\/div>\n\t\t\t\t<\/div>\n\t\t\t\t<div class=\"elementor-element elementor-element-4ee2869 elementor-widget elementor-widget-heading\" data-id=\"4ee2869\" data-element_type=\"widget\" data-e-type=\"widget\" data-widget_type=\"heading.default\">\n\t\t\t\t<div class=\"elementor-widget-container\">\n\t\t\t\t\t<h2 class=\"elementor-heading-title elementor-size-default\">Uniti ce la faremo!<\/h2>\t\t\t\t<\/div>\n\t\t\t\t<\/div>\n\t\t\t\t\t<\/div>\n\t\t<\/div>\n\t\t\t\t\t<\/div>\n\t\t<\/section>\n\t\t\t\t<\/div>\n\t\t","protected":false},"excerpt":{"rendered":"<p>Svolgimento delle lezioni Misure di contenimento COVID-19 Lezioni a corpo libero Lezioni di Macchine Tutte le lezioni di gruppo avranno &hellip; <a href=\"https:\/\/www.futurapilates.it\/index.php\/svolgimento-delle-lezioni\/\" class=\"more-link\">Continue reading <span class=\"screen-reader-text\">Svolgimento delle lezioni<\/span><\/a><\/p>\n","protected":false},"author":1,"featured_media":0,"parent":0,"menu_order":0,"comment_status":"closed","ping_status":"closed","template":"","meta":{"footnotes":""},"class_list":["post-1132","page","type-page","status-publish","hentry"],"_links":{"self":[{"href":"https:\/\/www.futurapilates.it\/index.php\/wp-json\/wp\/v2\/pages\/1132","targetHints":{"allow":["GET"]}}],"collection":[{"href":"https:\/\/www.futurapilates.it\/index.php\/wp-json\/wp\/v2\/pages"}],"about":[{"href":"https:\/\/www.futurapilates.it\/index.php\/wp-json\/wp\/v2\/types\/page"}],"author":[{"embeddable":true,"href":"https:\/\/www.futurapilates.it\/index.php\/wp-json\/wp\/v2\/users\/1"}],"replies":[{"embeddable":true,"href":"https:\/\/www.futurapilates.it\/index.php\/wp-json\/wp\/v2\/comments?post=1132"}],"version-history":[{"count":9,"href":"https:\/\/www.futurapilates.it\/index.php\/wp-json\/wp\/v2\/pages\/1132\/revisions"}],"predecessor-version":[{"id":1187,"href":"https:\/\/www.futurapilates.it\/index.php\/wp-json\/wp\/v2\/pages\/1132\/revisions\/1187"}],"wp:attachment":[{"href":"https:\/\/www.futurapilates.it\/index.php\/wp-json\/wp\/v2\/media?parent=1132"}],"curies":[{"name":"wp","href":"https:\/\/api.w.org\/{rel}","templated":true}]}}